{"id":95,"date":"2015-06-22T15:57:04","date_gmt":"2015-06-22T13:57:04","guid":{"rendered":"http:\/\/adoratricesbadajoz.es\/?page_id=95"},"modified":"2025-05-25T20:18:37","modified_gmt":"2025-05-25T18:18:37","slug":"santa-ma-micaela","status":"publish","type":"page","link":"https:\/\/adoratricesbadajoz.es\/?page_id=95","title":{"rendered":"Santa M\u00aa Micaela"},"content":{"rendered":"<p style=\"text-align: center;\"><strong>SANTA MAR\u00cdA MICAELA DEL SANT\u00cdSIMO SACRAMENTO<\/strong><\/p>\n<p style=\"text-align: center;\">Fundadora de las RR Adoratrices<\/p>\n<p><img decoding=\"async\" loading=\"lazy\" class=\"  aligncenter wp-image-99\" src=\"https:\/\/adoratricesbadajoz.es\/wp-content\/uploads\/2015\/06\/SANTA-MARIA-MICAELA-197x300.jpg\" alt=\"SANTA MARIA MICAELA\" width=\"169\" height=\"257\" srcset=\"https:\/\/adoratricesbadajoz.es\/wp-content\/uploads\/2015\/06\/SANTA-MARIA-MICAELA-197x300.jpg 197w, https:\/\/adoratricesbadajoz.es\/wp-content\/uploads\/2015\/06\/SANTA-MARIA-MICAELA.jpg 300w\" sizes=\"(max-width: 169px) 100vw, 169px\" \/><\/p>\n<p style=\"text-align: justify;\">Su vida&#8230;<\/p>\n<p style=\"text-align: justify;\">Nace en Madrid, el 1\u00ba de enero de 1809, en el seno de una familia noble, por su fe cristiana y por su aristocracia.<\/p>\n<p style=\"text-align: justify;\">Observadora e inteligente, conoce muy de cerca la vida de la Corte Real a trav\u00e9s de su \u00edntima amistad con la Reina Isabel II y los frecuentes viajes en compa\u00f1\u00eda de su hermano, Embajador en varios pa\u00edses extranjeros.<\/p>\n<p style=\"text-align: justify;\">A su paso va dejando el sello de la caridad entre los pobres y necesitados.<\/p>\n<p style=\"text-align: justify;\">En 1845 visita el Hospital de San Juan de Dios, en Madrid.<\/p>\n<p style=\"text-align: justify;\">All\u00ed encuentra una joven enferma quien le cuenta su triste historia&#8230;<\/p>\n<p style=\"text-align: justify;\">Desde encontes una idea fija se le ha clavado en el coraz\u00f3n: ayudar a esas j\u00f3venes ca\u00eddas o a punto de caer para que, rehabilitadas, vuelvan a Dios, a sus familias y a la sociedad.<\/p>\n<p style=\"text-align: justify;\">La fiesta de Pentecost\u00e9s del a\u00f1o 1847 en Par\u00eds marca de nuevo su vida. Dios desvela su Misterio y se le deja experimentar \u00edntimamente. Ella lo expresa as\u00ed:<\/p>\n<p style=\"text-align: justify;\">\u00abLo vi tan grande, tan poderoso, tan bueno, tan amante, tan misericordioso, que resolv\u00ed &#8230; servirle solo a \u00c9l\u00bb<\/p>\n<p style=\"text-align: justify;\">Es a este Se\u00f1or a quien adora d\u00eda y noche en el Sant\u00edsimo Sacramento. De aqu\u00ed brota su amor y entrega a la juventud m\u00e1s necesitada.<\/p>\n<p style=\"text-align: justify;\">Funda un Colegio donde acoger y reeducar a esas j\u00f3venes con problemas, y en 1850 deja familia y sociedad y comienza a vivir consagrada a Dios y a su apostolado.<\/p>\n<p style=\"text-align: justify;\">Su ejemplo arrastra a otras j\u00f3venes amigas suyas y forma con ellas la Congregaci\u00f3n de RR. Adoratrices Esclavas del Sant\u00edsimo Sacramento y de la Caridad.<\/p>\n<p style=\"text-align: justify;\">Pronto su OBRA se extiende por Espa\u00f1a y por el extranjero.<\/p>\n<p style=\"text-align: justify;\">Atacado su Colegio en Valencia por la epidemia del c\u00f3lera en 1865, marcha a cuidar a sus religiosas y chicas, consciente de que expone su vida. En efecto contrae la enfermedad y muere en la noche del 24 al 25 de agosto de ese mismo a\u00f1o.<\/p>\n<p style=\"text-align: justify;\">Fue canonizada por el Papa P\u00edo XI el 4 de marzo de 1934.<\/p>\n<p style=\"text-align: justify;\">Su obra contin\u00faa: Adoraci\u00f3n continua. Preservaci\u00f3n &#8211; Rehabilitaci\u00f3n de la juventud m\u00e1s necesitada.<\/p>\n","protected":false},"excerpt":{"rendered":"<p>SANTA MAR\u00cdA MICAELA DEL SANT\u00cdSIMO SACRAMENTO Fundadora de las RR Adoratrices Su vida&#8230; Nace en Madrid, el 1\u00ba de enero de 1809, en el seno de una familia noble, por su fe cristiana y por su aristocracia. Observadora e inteligente, conoce muy de cerca la vida de la Corte Real a trav\u00e9s de su \u00edntima &hellip; <\/p>\n<p class=\"link-more\"><a href=\"https:\/\/adoratricesbadajoz.es\/?page_id=95\" class=\"more-link\">Continuar leyendo<span class=\"screen-reader-text\"> \u00abSanta M\u00aa Micaela\u00bb<\/span><\/a><\/p>\n","protected":false},"author":3,"featured_media":0,"parent":0,"menu_order":0,"comment_status":"closed","ping_status":"closed","template":"","meta":[],"_links":{"self":[{"href":"https:\/\/adoratricesbadajoz.es\/index.php?rest_route=\/wp\/v2\/pages\/95"}],"collection":[{"href":"https:\/\/adoratricesbadajoz.es\/index.php?rest_route=\/wp\/v2\/pages"}],"about":[{"href":"https:\/\/adoratricesbadajoz.es\/index.php?rest_route=\/wp\/v2\/types\/page"}],"author":[{"embeddable":true,"href":"https:\/\/adoratricesbadajoz.es\/index.php?rest_route=\/wp\/v2\/users\/3"}],"replies":[{"embeddable":true,"href":"https:\/\/adoratricesbadajoz.es\/index.php?rest_route=%2Fwp%2Fv2%2Fcomments&post=95"}],"version-history":[{"count":9,"href":"https:\/\/adoratricesbadajoz.es\/index.php?rest_route=\/wp\/v2\/pages\/95\/revisions"}],"predecessor-version":[{"id":816,"href":"https:\/\/adoratricesbadajoz.es\/index.php?rest_route=\/wp\/v2\/pages\/95\/revisions\/816"}],"wp:attachment":[{"href":"https:\/\/adoratricesbadajoz.es\/index.php?rest_route=%2Fwp%2Fv2%2Fmedia&parent=95"}],"curies":[{"name":"wp","href":"https:\/\/api.w.org\/{rel}","templated":true}]}}